the remainder when g is divided by 13.
11
Suppose -5*n + 8 = 2*r - 4, 0 = 5*r + 4*n + 4. Let q = 2 - r. Calculate the remainder when 11 is divided by q.
5
Let l be (-6)/((-2)/8*6). Suppose 13 = -l*s + 37. Calculate the remainder when 11 is divided by s.
5
Let l(c) = 3*c**3 - 2*c**2 + 4*c - 2. Let n(q) = 3*q**2 - 8*q + 5. Let d be (1 - (-6)/(-2)) + 8. Calculate the remainder when n(d) is divided by l(2).
21
Let k = 2 - 0. Suppose -w = -k*w - u + 12, -3*u = 3. Suppose 223 = 3*y + 70. What is the remainder when y is divided by w?
12
Suppose -145 = -5*d + 5*p, -5*d + 2*p = -d - 126. What is the remainder when d is divided by 9?
7
Let d = 17 + -6. Calculate the remainder when 31 is divided by d.
9
Let u(i) = -i**3 + 4*i**2 + 4. Calculate the remainder when 22 is divided by u(3).
9
Suppose -11*f = -9*f - 14. What is the remainder when 10 is divided by f?
3
Let b be 4/(-10)*(-10)/(-2). Let k = 77 + b. Suppose 9 = -3*c + k. What is the remainder when 65 is divided by c?
21
Let o = -8 + 7. Calculate the remainder when 44 is divided by (1 + o - 30)/(-2).
14
Let z(y) = 2*y**2 - 15*y + 25. Calculate the remainder when 63 is divided by z(8).
30
Let h = 56 + -30. Calculate the remainder when 51 is divided by h.
25
Suppose 0 = v + 5*h - 71, 5*v = -4*h - 0*h + 418. What is the remainder when v is divided by 15?
11
Suppose -3*z + 148 = m, -198 = -3*z - z - m. Calculate the remainder when z is divided by (-4)/6*(-50 + 11).
24
Let i be 6/(-2)*1 - -8. What is the remainder when 18 is divided by (3 - (-2 + 3)) + i?
4
Let m(n) = 0*n + 0*n + 0*n - 2*n + 3 + n**3. Let v = -3 - -5. Calculate the remainder when 25 is divided by m(v).
4
Suppose 0*y + 14 = 2*y. What is the remainder when 12 is divided by y?
5
Let d be 2 + 3 + -1 + -2. Suppose -m - d*t + 29 = -t, -4*m - 2*t = -110. What is the remainder when m is divided by 7?
5
Let y(c) = -c**2 - 3*c - 6. Let n be y(-4). Let h(b) = -b**2 - 14*b - 15. Let p = 34 - 21. What is the remainder when h(n) is divided by p?
12
Suppose 5*t - 2*p - 41 = 0, 3*p - 12 = -5*t + 2*t. Let v(b) = 6*b - 8. What is the remainder when v(t) is divided by 2*5 + (5 - 3)?
10
Suppose 4*w - 34 = 2*w. Let g = 29 - w. What is the remainder when 59 is divided by g?
11
Let u = 93 - 58. Calculate the remainder when u is divided by 13.
9
What is the remainder when 27 is divided by 15*(5 - 42/9)?
2
Suppose 4*k = -5 - 3. Let u be 0 - 28*k/(-4). Let h = u - -24. What is the remainder when 27 is divided by h?
7
Let t(v) = -v**3 + 10*v**2 - 10*v - 6. Let k(c) = 9*c - 3. What is the remainder when t(8) is divided by k(2)?
12
Suppose -7*k + 12*k - 140 = 0. Let n(x) = -3*x + 11. What is the remainder when n(-14) is divided by k?
25
Suppose -7*t - 99 = -10*t. What is the remainder when 63 is divided by t?
30
Suppose 5*s - 6 = -1, -s - 11 = -p. Calculate the remainder when p is divided by 3.
0
Suppose 60 = 189*d - 187*d. What is the remainder when 55 is divided by d?
25
Suppose -15*z + 36 = -14*z. What is the remainder when z is divided by 10?
6
Let c = -26 - -36. What is the remainder when c is divided by 4?
2
Suppose -5*f - 78 = -2*f. Let r = f - -42. What is the remainder when 47 is divided by r?
15
Let g be (3 - 2) + 2 + -4. Suppose 2*t - 2 = 0, 16 = 4*j + 3*t + t. Calculate the remainder when 0 - (-4 + g + 0) is divided by j.
2
Suppose -5*z + 155 = -175. What is the remainder when z is divided by 23?
20
What is the remainder when (-87)/(-6) - 2/(-4) is divided by 2/(((-4)/9)/(-2))?
6
Suppose -3*n = 3*t - 39, -14*n + 11*n + 54 = 4*t. Calculate the remainder when 28 is divided by t.
13
Calculate the remainder when 11 is divided by 2 + (7 - (5 - (-1 - -3))).
5
Let p be -3*(-3)/(-1 + 4). Let r = 3 + p. What is the remainder when 16 is divided by r?
4
Suppose 3*l - 8*l = -70. Suppose -3*u - u = -5*d - 164, -4*u + 164 = -3*d. What is the remainder when u is divided by l?
13
Let i be (-4)/6 - 10/(-6). What is the remainder when (-1 - 0/(-4))*-39 is divided by (-20)/(-8)*8*i?
19
Suppose 0 = 2*f - 65 - 1. Calculate the remainder when 96 is divided by f.
30
Let m = -12 + 12. Suppose 0 = -2*z - 2*a - a + 33, m = -a - 5. Calculate the remainder when 93 is divided by z.
21
Let q(x) = 5*x**2 - 2*x + 2. Let j(n) = 11*n**2 - 3*n + 4. Let m(y) = -4*j(y) + 9*q(y). What is the remainder when 19 + -2 + (-1)/1 is divided by m(7)?
7
Let k(h) = -h - 3. What is the remainder when 7 is divided by k(-5)?
1
Suppose -3*q = -4*q + 23. Let k = -12 - -5. What is the remainder when k + 8 + (67 - 1) is divided by q?
21
Suppose -a = -3*a + 44. Let t(v) = -v. Calculate the remainder when a is divided by t(-12).
10
What is the remainder when -22 + 142 - (-1 - 1)/(-1) is divided by 20?
18
Let i be 6/14 - 400/(-14). Let n = i + -17. Calculate the remainder when 47 is divided by n.
11
Let w be (-60)/(-14) - 12/42. Let y be 85/w - 3/(-4). Suppose -32 = -2*i + 5*f + 6, -f - y = -i. Calculate the remainder when i is divided by 13.
11
What is the remainder when 214 is divided by 4 + -8 + (-3)/(6/(-62))?
25
Let n = -24 - -14. Let p be (n/(-8))/((-5)/(-520)). Suppose 6*q - q = p. What is the remainder when q is divided by 9?
8
Calculate the remainder when (-19)/(-2) + (-4)/(-8) is divided by 3.
1
Let t(l) = 15*l**2 + 4*l + 2. What is the remainder when 23 is divided by t(-1)?
10
Let l(m) = -9*m + 1. Let f(g) = g**3 + 6*g**2 - g - 7. Let v be f(-6). What is the remainder when 38 is divided by l(v)?
8
Let j = 40 + -24. What is the remainder when 28 is divided by j?
12
Suppose t + 113 = 4*h, 2*h + 5*t = 2*t + 39. What is the remainder when 106 is divided by h?
25
Suppose 7 = -h + 3*a + 43, -h - 2*a = -51. What is the remainder when 89 is divided by h?
44
Suppose -3*b - 51 = -6*b. Let z(n) = 3*n**2 + 3*n - 12. Let x be z(-6). Suppose 0 = -3*i + 18 + x. What is the remainder when i is divided by b?
15
Suppose 3*y - 2230 = -7*y. Calculate the remainder when y is divided by 28.
27
Let x = 17 - -6. Let s(o) = o**2 + 2*o + 1. Let h be s(-2). Let t(p) = 14*p - 1. Calculate the remainder when x is divided by t(h).
10
Let d(b) = -b**3 + 4*b**2 - b + 1. Let a be d(3). Suppose -a + 1 = -3*f. Let i = -2 - -3. Calculate the remainder when f is divided by i.
0
Let n = -16 + 33. Let v(b) = -b**2 - 8*b - 9. Let a be v(-5). Let x = n - a. What is the remainder when x is divided by 7?
4
Let c be -2*(1/(-1) + -1). Suppose -k + 25 = 2*a, 2*a = c*a - 5*k + 5. Suppose -6*n = -62 - 52. Calculate the remainder when n is divided by a.
9
Let a be (1/(-2))/(1/(-8)). Suppose a*g - 10 - 22 = 0. Calculate the remainder when g is divided by 4/2*(-3)/(-2).
2
Suppose 2*o - 20 = -4*k, k + 2*o = 4*o. Suppose k*j + 33 = 7*j. What is the remainder when j is divided by 6?
5
Let f(c) = -c**3 - c**2 + 3*c + 6. Calculate the remainder when f(-4) is divided by 15.
12
Let w(z) = 5*z**2 - 4. What is the remainder when w(3) is divided by 130/6 + (-10)/15?
20
Let f = 17 + -5. Calculate the remainder when f is divided by 8.
4
Let n = -56 - -140. Suppose p + 3*p = n. What is the remainder when p is divided by 11?
10
Suppose 0*p + 5*p + 31 = 4*l, 0 = -2*p - l - 2. Let a = 11 + p. Suppose -2*r + a + 20 = 0. Calculate the remainder when r is divided by 8.
6
Let m(s) = -7*s - 4. Let o be m(-9). Let x = o + -34. What is the remainder when x is divided by 13?
12
Suppose 4*b - 4*n = 328, 11*n = 15*n - 4. Calculate the remainder when b is divided by 22.
17
Suppose -3*q + 4*s + 38 + 47 = 0, -q + 23 = -4*s. What is the remainder when q is divided by 11?
9
Suppose 0 = 7*q - 13*q + 108. Suppose 0 = 3*s - 95 - 112. Calculate the remainder when s is divided by q.
15
Calculate the remainder when (-19)/(-3)*(-3 + 6) is divided by 10.
9
Suppose -3*a - 3*c - 27 = 0, 7*a = 3*a + 5*c + 9. Let w = 1 - a. Let m(x) = 9*x + 2. What is the remainder when m(w) is divided by 16?
15
Let p(n) = n**3 + 3*n**2 - 2*n. What is the remainder when p(-2) is divided by 6?
2
Suppose 3*v - v = 10. Calculate the remainder when v is divided by 4.
1
Let l(t) = t**3 - 7*t**2 + 7*t + 5. Calculate the remainder when 64 is divided by l(6).
9
Suppose c - 2*o - 13 = 0, -4*c + 4*o = -0 - 36. Suppose -2*z - 172 = 2*z. Let f = -29 - z. Calculate the remainder when f is divided by c.
4
Suppose -2*r = -4*n + r - 19, n + 22 = -5*r. Let w(j) = j**2 + 4*j - 11. Calculate the remainder when 27 is divide